e 2, what is -10 + 11100001110?
11100001100
In base 7, what is -4434 - 2?
-4436
In base 12, what is 9b6 + 0?
9b6
In base 12, what is 127 - -5?
130
In base 4, what is -12223 - 10?
-12233
In base 9, what is 28 + 113?
142
In base 15, what is 6 - -b?
12
In base 2, what is 111000010100 + 11?
111000010111
In base 12, what is b + -366?
-357
In base 10, what is 1295 - 0?
1295
In base 16, what is 3 - 24?
-21
In base 9, what is 207 - 4?
203
In base 12, what is 7 + 227?
232
In base 5, what is -2030 - 10?
-2040
In base 4, what is -10 + -202?
-212
In base 4, what is 1 - -123121?
123122
In base 6, what is 5 - -45?
54
In base 15, what is -2 + 26e?
26c
In base 8, what is 1657 + 2?
1661
In base 7, what is -2 - -3216?
3214
In base 8, what is 2 - 7?
-5
In base 12, what is a8 + 16?
102
In base 15, what is 1c - -d?
2a
In base 15, what is a + -5b?
-51
In base 2, what is -1000101 + -100?
-1001001
In base 9, what is 3 + -233?
-230
In base 14, what is -204 - -3?
-201
In base 2, what is -1101 + 11100?
1111
In base 15, what is 33a6 + 0?
33a6
In base 10, what is -2107 - -4?
-2103
In base 11, what is -41 + -1?
-42
In base 3, what is 1101110211 + -1?
1101110210
In base 10, what is 22 - 4?
18
In base 16, what is 1 + 1a0d?
1a0e
In base 15, what is 90a + -1?
909
In base 13, what is c63 - -3?
c66
In base 8, what is -1 + 104?
103
In base 3, what is -10 + 2100?
2020
In base 4, what is 231220 + 13?
231233
In base 10, what is 585 + -3?
582
In base 8, what is -5 + 4365?
4360
In base 10, what is 1807 - 1?
1806
In base 4, what is 0 - 1002?
-1002
In base 2, what is -1011101100011 + 0?
-1011101100011
In base 5, what is -2 + -10?
-12
In base 3, what is 10 + -121220?
-121210
In base 14, what is -38 + 112?
b8
In base 12, what is 2 - 2a37?
-2a35
In base 3, what is 12 + 2220?
10002
In base 13, what is 5 + -76?
-71
In base 3, what is 202 + 102211?
110120
In base 8, what is -2 + 1434?
1432
In base 6, what is -111 + 230?
115
In base 12, what is -2 + -59?
-5b
In base 4, what is 3 - -300?
303
In base 15, what is -6ca2 - 0?
-6ca2
In base 10, what is 38 + -216?
-178
In base 14, what is -5 - d5b?
-d62
In base 16, what is -4 + -31e?
-322
In base 13, what is 16c0 + -3?
16ba
In base 7, what is 112 - 0?
112
In base 8, what is -1 - -4?
3
In base 9, what is -3 - 8360?
-8363
In base 6, what is -3 - 3?
-10
In base 2, what is 0 + -10000001010?
-10000001010
In base 8, what is -161 - 14?
-175
In base 9, what is -5 - -1?
-4
In base 12, what is -4 + 426?
422
In base 7, what is -26 + -33?
-62
In base 4, what is -222 + 23?
-133
In base 16, what is 0 + 187?
187
In base 16, what is a3 - -d?
b0
In base 6, what is 335112 + 3?
335115
In base 16, what is 3 + 2da?
2dd
In base 15, what is d91 - -1?
d92
In base 12, what is -127 + 5?
-122
In base 7, what is 121 - 125?
-4
In base 6, what is -5 - -334?
325
In base 3, what is -12 + 10010?
2221
In base 16, what is 28 - -60?
88
In base 9, what is 1 - 170?
-168
In base 4, what is 202201 - -3?
202210
In base 5, what is -12 + 204?
142
In base 11, what is -192 - -1?
-191
In base 13, what is -130 + 18?
-115
In base 12, what is 15a7 - 3?
15a4
In base 2, what is -110011 - -100?
-101111
In base 8, what is -22011 + 5?
-22004
In base 12, what is 223 - 0?
223
In base 14, what is -64 - 4?
-68
In base 7, what is -6 + 45?
36
In base 10, what is -43 - -78?
35
In base 10, what is 25 + -7?
18
In base 11, what is 4585 + 0?
4585
In base 3, what is 1 - 102?
-101
In base 3, what is 0 - 200?
-200
In base 10, what is -1086 + 10?
-1076
In base 5, what is 2 + -33?
-31
In base 5, what is 1 - -2200?
2201
In base 2, what is 10 - -111011?
111101
In base 16, what is 4 + 111?
115
In base 4, what is -20 + -1030?
-1110
In base 7, what is 0 - 561?
-561
In base 8, what is 2 - -13?
15
In base 2, what is -11000 - 101011010?
-101110010
In base 2, what is 10000101 - -100001?
10100110
In base 16, what is -2 + 117?
115
In base 11, what is -3 + -23?
-26
In base 3, what is -12 + -20?
-102
In base 7, what is -12 + 4534?
4522
In base 6, what is 5 - -1110?
1115
In base 8, what is -12025 + -2?
-12027
In base 11, what is -a77 - 0?
-a77
In base 5, what is 0 + -1324?
-1324
In base 11, what is -10 + -9?
-19
In base 11, what is 1827 + -2?
1825
In base 16, what is 14 - 64?
-50
In base 3, what is 2 - 102212?
-102210
In base 10, what is 2441 + -5?
2436
In base 12, what is -3 - 4074?
-4077
In base 6, what is 5 + 213?
222
In base 15, what is a - -14?
1e
In base 4, what is -30 - 10100?
-10130
In base 5, what is -4 + -4433?
-4442
In base 12, what is 12 + -25?
-13
In base 15, what is -3 + -2d1?
-2d4
In base 2, what is -101 - 1011011000?
-1011011101
In base 16, what is 0 - 2?
-2
In base 13, what is 1 + b2?
b3
In base 6, what is 1241 - 4?
1233
In base 15, what is 333 + 0?
333
In base 3, what is -12111 - 21?
-12202
In base 13, what is 5 - 64?
-5c
In base 9, what is -5518 + -5?
-5524
In base 16, what is -1 + -3a?
-3b
In base 7, what is -3 - 1535?
-1541
In base 14, what is -3 + 11d?
11a
In base 6, what is 2 + -42?
-40
In base 8, what is -2 - 564?
-566
In base 11, what is -1 - 3a?
-40
In base 15, what is 2 - -19?
1b
In base 14, what is -59c - 0?
-59c
In base 3, what is -12 + 1020110?
1020021
In base 8, what is -63 - -340?
255
In base 4, what is 10 + -333223?
-333213
In base 14, what is -1 + -141?
-142
In base 13, what is -1a - 350?
-36a
In base 3, what is -1121122010 - -11?
-1121121222
In base 2, what is -110001 + -11?
-110100
In base 15, what is 2 - -7b?
7d
In base 6, what is 45422 - -1?
45423
In base 3, what is -11011 - -10?
-11001
In base 15, what is 1e + b?
2a
In base 10, what is -260 + 46?
-214
In base 7, what is -1 - -363?
362
In base 16, what is -2eb - 4?
-2ef
In base 10, what is 0 + 130?
130
In base 15, what is -dd8 + -2?
-dda
In base 2, what is 10100111100000 - -11?
10100111100011
In base 13, what is -42 - 3?
-45
In base 3, what is -1020 - 121110?
-122200
In base 3, what is 2010210 + 20?
2011000
In base 5, what is 41 - 0?
41
In base 7, what is -3 + -140?
-143
In base 12, what is -7a - -5a?
-20
In base 3, what is -2 + 11221?
11212
In base 8, what is 122 - 5?
115
In base 14, what is 8 + -37?
-2d
In base 4, what is 200 + 2?
202
In base 9, what is -178 - -7?
-171
In base 8, what is 32 + 63?
115
In base 3, what is -2 - 2201?
-2210
In base 3, what is 212210 + 2?
212212
In base 8, what is 10 - -104?
114
In base 12, what is 25 + -46?
-21
In base 5, what is -10 - -2442?
2432
In base 7, what is 21045 + -5?
21040
In base 2, what is -101110110 + -11?
-101111001
In base 9, what is -21 - -4?
-16
In base 16, what is 17 - 1?
16
In base 5, what is -4 + 222?
213
In base 11, what is -130 + -50?
-180
In base 7, what is 2 + -344?
-342
In base 10, what is -8 + 86?
78
In base 7, what is 33 - 21?
12
In base 9, what is -5 - 505?
-511
In base 2, what is -100001000 - -10?
-100000110
In base 3, what is -1 + 21200?
21122
In base 2, what is 101 + -110001011?
-110000110
In base 6, what is -5 + 4034?
4025
In base 15, what is 67 - 17?
50
In base 13, what is 33 + -3?
30
In base 14, what is -8 + b?
3
In base 16, what is -82 + 13?
-6f
In base 9, what is 24 - 58?
-34
In base 12, what is -8 - 20?
-28
In base 11, what is -456 - 2?
-458
In base 6, what is 5 + -21333?
-21324
In base 11, what is 36 - -11?
47
In base 6, what is 4114 + -1?
4113
In base 12, what is -5702 + 5?
-56b9
In base 8, what is 6 - -522?
530
In base 14, what is 7 - 6?
1
In base 11, what is -1 - -17?
16
In base 4, what is 123031 + -10?
123021
In base 8, what is 560 + -5?
553
In base 7, what is 0 + -150?
-150
In base 16, what is -11 - 7f?
-90
In base 9, what is 5 + -14?
-8
In base 9, what is 467 - 5?
462
In base 6, what is 315233 - 2?
315231
In base 6, what is 530 - -2?
532
In base 16, what is 12 + 0?
12
In base 2, what is 11 + -100100?
-100001
In base 12, what is -4 - -6a?
66
In base 13, what is -11 - -a?
-4
In base 5, what is 12 + 43312?
43324
In base 12, what is -635 - 2?
-637
In base 5, what is 1424 + -10?
1414
In base 6, what is -332 - -1?
-331
In base 13, what is 683 - 3?
680
In base 11, what is a + 958?
967
In base 2, what is 110 - 110101?
-101111
In base 7, what is -561 + -2?
-563
In base 11, what is -12a02 - 0?
-12a02
In base 15, what is 2 - 6?
-4
In base 14, what is 1 - -1299?
129a
In base 12, what is -14 + 31?
19
In base 6, what is -1 - -245?
244
In base 3, what is 0 + 1202021?
1202021
In ba